 n be -14*((-2)/(-4))/(1/(-1)). Suppose -3*y + n*y = -43224. Is (-2)/(-5) - y/10 a prime number?
False
Is -114259*(-5 + (-6 - -4 - -6)) a prime number?
True
Suppose 8 = -13*q - 18. Let r(u) = -646*u**3 + u**2 - 2*u - 3. Is r(q) prime?
False
Suppose 16*d - 27*d - 26*d + 2641763 = 0. Is d prime?
True
Let n(l) = 4123*l**2 + 6*l - 318. Is n(11) composite?
True
Is 5/(-3) + 3/3 - (-344206199)/633 a prime number?
True
Let a be (-8996)/(-18) - 5 - 2/(-9). Let l = -274 + a. Is l a prime number?
False
Let d = 149332 - -128629. Is d a prime number?
True
Let u(z) = 5476*z - 183. Is u(7) a composite number?
False
Suppose 3*h = r + 10, 0*r = -2*r - h - 6. Let b(y) = -33*y**3 + 4*y**2 + 11*y + 21. Is b(r) a composite number?
False
Is (1 - 5374/(-12)) + (-75)/(-450) a prime number?
True
Let y be 1 + -2 + (1 - -5). Suppose 2015 = v + t, 2*v = -2*v + y*t + 8096. Is v prime?
False
Let n = 924058 - 497217. Is n prime?
True
Suppose -4*f = -4 - 4. Let z(v) = 346*v - 2. Let s be z(f). Let d = s - 205. Is d composite?
True
Suppose 0 = -198*d + 250*d - 9376484. Is d prime?
True
Let u(p) = -p**3 - 2*p**2 + 2*p. Let w be u(-3). Suppose a - 32 = -5*t + w*a, -4*t - 4*a = -20. Is ((-2020)/16 + t/8)*-2 a prime number?
True
Suppose -2539*w = -2538*w - 19739. Is w composite?
False
Suppose -5*x + n - 495 = -3*n, -5*x + 5*n - 500 = 0. Let b be ((-57)/x)/((-6)/(-20)). Suppose -5 = q, -b*w + 2*q = w - 997. Is w prime?
False
Let v = 150276 - 103289. Is v prime?
False
Suppose m - 51873 = 4*l, -6*m - 4*l - 259285 = -11*m. Let j = 84840 - m. Is j a composite number?
False
Let r be (5 - -4) + -5 + 1*134521. Let g = r + -65379. Suppose -8*o + g = 14*o. Is o composite?
True
Suppose n = -5*v + v + 32, 5*n + 16 = 2*v. Suppose -4*g = v*g. Suppose -2*j + l + 1619 = g, 2*j - 2*l - 1745 = -121. Is j a composite number?
True
Let o = 177 + -65. Let v be ((-8)/(-14))/(16/o). Suppose 0*c - c + v*j = -533, 2166 = 4*c + j. Is c a prime number?
True
Let k(m) = 14*m - 1. Let b(r) = -16*r + 1. Let y(w) = -6*b(w) - 7*k(w). Let l be y(-4). Suppose -4*f + 12600 = 5*c - l*f, -c + 2518 = -3*f. Is c a prime number?
True
Let t be (4 - (1 - 28))/(-1). Let c = 33 + t. Suppose 3*w + 0*w = v + 535, c*w - 2*v - 354 = 0. Is w a composite number?
False
Let z(b) = b**2 - 6*b - 41576. Let p be z(0). Let r be p/(-8) + (-6)/2 + -1. Suppose 4*w = -w - 2*x + r, 2*w = x + 2079. Is w prime?
True
Let m = 182 + -170. Suppose 0 = w - 5*x - 3454, 17240 = 5*w - 7*x + m*x. Is w a prime number?
True
Suppose -20*j + 1030245 = -13*j + 8*j. Is j a prime number?
True
Let g = -176 - -417. Let i = -50 + g. Is i composite?
False
Let l(u) = u**2 - 4*u - 3. Let p be l(5). Suppose -3*c + 2*f - f + 1909 = 0, p*c + f - 1266 = 0. Suppose -5*k = -10, y + 2*k = -k + c. Is y composite?
True
Let m be (-133089)/(-6) - 21/(-14). Suppose 7*h - 36985 = 2*h - 5*u, -3*h + m = 5*u. Is h a prime number?
False
Suppose 4*n - 123874 = -29059 + 167573. Is n composite?
True
Is (1008229 - -1) + 4/(-38) + 2358/(-342) a composite number?
False
Let s = -4274 - -6906. Suppose -s = -8*u + 5104. Is u a prime number?
True
Let f(i) = 261*i**2 - 4*i - 2. Suppose 7*m - 2*m + 90 = 2*x, 2*m - 62 = -2*x. Suppose x*w - 3 = 38*w. Is f(w) prime?
True
Let f be 6*(-2)/4 - -7. Suppose -f*o = 2*c + 3 - 1, -c + 3*o = -9. Suppose -2*p = 10 - 4, 0 = -t + c*p + 152. Is t a composite number?
True
Is ((-55691)/(-4))/((-122)/(-488)) composite?
False
Let v(s) = -2564*s**3 + 4*s**2 + 18*s + 43. Is v(-3) composite?
True
Let t(y) = -y**2 + y + 7. Let s be t(0). Suppose -s*f = 13*f - 381580. Is f a composite number?
False
Let c(k) = -k**2 - 13*k - 2. Let u be c(-11). Is 5/(u/2536) + 1 + -4 prime?
True
Suppose 4*v + 4*v = 12*v. Suppose 4*f - 2*k - 7268 = v, 0*k - 7268 = -4*f - 4*k. Is f prime?
False
Is -437827*((2 - 2 - 4) + 3) a composite number?
True
Let i be ((-503)/4)/(29/116). Suppose -2*t + 4*t = 4*l - 3082, l = -5*t + 743. Let x = l + i. Is x prime?
False
Suppose 98*h - 1475755 = 67*h. Is h composite?
True
Suppose -36*k = -41*k - 5*l + 1358470, 0 = -5*k + 5*l + 1358560. Is k a composite number?
False
Let v(j) be the third derivative of -1405*j**4/12 + 47*j**3/6 - 52*j**2 + 1. Is v(-2) prime?
False
Suppose -3*y - 59594 = -2*l, 3*y + 20 = 8*y. Is l a composite number?
False
Suppose 25*u - 456580 = 45*u. Let i = -2511 - u. Is i a prime number?
False
Let h be (654/7)/((-1)/21). Let k = -553 + h. Let p = 4316 + k. Is p a composite number?
False
Is (4 - 4 - -2) + 17111 prime?
False
Let c(d) = 3*d + 7*d - 9 - 473*d**2 + 1391*d**2. Is c(1) prime?
True
Let s = 28693 - -67116. Is s a prime number?
False
Suppose -250*c + 2202665 = -7554585. Is c prime?
False
Suppose 171730 = 9*h - 130391. Is h composite?
False
Suppose -3419 - 2778 = -k. Is k/15 + 24/(-180) composite?
True
Let q = 56496 - -43475. Is q prime?
True
Let l(f) = -f**3 - 11*f**2 - 9*f + 14. Let r be l(-10). Let p(s) be the first derivative of 13*s**3/3 + 3*s**2/2 + s + 85. Is p(r) a prime number?
False
Let o = -82066 - -390357. Is o prime?
True
Let z = 21 - 21. Suppose z = -d - 5*d + 27582. Is d prime?
True
Let f = 45 - 41. Let b be 3/f + 2954/8. Suppose 0 = 24*c - 26*c + b. Is c prime?
False
Suppose 0 = -y - 0*x - 4*x - 17, 2*y - 5*x + 34 = 0. Is 7 + (-90660)/(y - -7) prime?
False
Suppose 17*r - 538890 = 63*r. Let q = 21484 + r. Is q prime?
True
Let q = 70 - 76. Let p be (q/8)/(2985/996 + -3). Let k = 586 - p. Is k a composite number?
False
Let s = -1 + 3. Let k be (3 - 9)/(-4 + s). Suppose 6*u = k*u + 3081. Is u a prime number?
False
Let x be ((-10)/(-6))/(((-50)/(-36))/5). Suppose -8178 = -x*c + 3*c + 3*s, 0 = 4*c + 2*s - 10934. Is c composite?
False
Let j(r) be the second derivative of -r**3/6 + 5*r**2 - 2*r. Let l be j(5). Let y = 39 - l. Is y composite?
True
Let y be (-5)/(-1) - (-6)/(-2). Is 15/(-3) + 1812/y prime?
False
Suppose 112 = -8*h - 0*h. Is (h - -18)*967/4 a composite number?
False
Suppose 0 = -17*f + 5021903 + 4371464. Is f a composite number?
True
Is 2695326/24*(-1056)/(-168) + (-4)/(-14) a prime number?
True
Suppose 4*n + 32450 = 2*q + 3*q, 3*n + 25959 = 4*q. Let f = q - -947. Is f a prime number?
True
Let k(f) = -79*f**3 - 2*f**2 - 29*f - 7. Is k(-6) prime?
True
Let k = -852064 - -1809201. Is k a composite number?
True
Suppose 0 = 10*u - 78414 - 226986. Suppose 0 = 5*d + 5*n - u, -6659 - 5563 = -2*d + 4*n. Is d prime?
False
Suppose -2*j = -2*h + 12, 0 = 3*j + 5*h - 0*h - 14. Let l be (1 - (j - -5)) + 9 - -2. Suppose 2*m + 576 = 4*p, 3*m = -3 + l. Is p composite?
True
Let h = -251786 - -359497. Is h a prime number?
False
Let r(o) = 2 - 8*o**2 + 43*o - 3 + 7*o**2 + 0*o**2. Is r(18) prime?
True
Let f(i) = 2486*i**2 + 2950*i - 18. Is f(14) composite?
True
Suppose -13*y + 205842 = -178529. Is y a composite number?
False
Suppose -h + 29213 + 31038 = -5*y, -2*h + 2*y + 120502 = 0. Is h a prime number?
True
Let p(l) = 22*l**2 + 5*l + 27. Let j be p(-4). Let o = j - 196. Is o prime?
True
Is 13/(-2)*2361028/(-221) a prime number?
False
Suppose -5*o = 4*m - 84139, -66878 = -4*m + 5*o + 17311. Is m prime?
False
Let a be 4/2 + 0 + 12/(-6). Is ((-14733)/27*-3)/(1 - a) prime?
True
Let i be (1 + (-7)/(-5))*100/6. Let s be 3*(16/i + (-92)/30). Is (0 + 1)/(s/(-23992)) composite?
False
Suppose 0 = -9*a + 18*a - 24309. Suppose 0 = -8*k + 15363 + a. Is k prime?
False
Suppose -3*d + 5*d + 2*p = 17730, -5*d - 2*p + 44316 = 0. Suppose -69*h + d = -63*h. Is h prime?
False
Let z(q) = 3*q**2 - 46*q + 89. Let y(p) = -4*p**2 + 47*p - 90. Let r(o) = -2*y(o) - 3*z(o). Is r(22) composite?
False
Is (21790/(-1))/(3 + (16 - 21)) prime?
False
Suppose 4*z - 10247 = -k - 0*k, -k = -z - 10242. Is k a composite number?
False
Let m(t) be the second derivative of 77*t**4/12 - 7*t**3/6 + 10*t. Let c be m(-3). Suppose 0 = -2*j + 8*j - c. Is j a prime number?
False
Let j = 28 - 28. Suppose j = -2*q + 2, -15*q + 14*q + 45656 = 5*z. Is z prime?
False
Let s = -37 + 41. Suppose 0 = 2*d, 3*g - 15319 - 2768 = -s*d. Is g a composite number?
False
Let x(s) = 768*s**2 + 23*s + 139. Let h be x(-23). Suppose -12*r = -30*r + h. Is r prime?
True
Let g be -7 - 0 - (30 - 29). Let p be g/2*(-31)/4. Let u(z) = z**3 - 30*z**2 + 29*z + 1. Is u(p) prime?
True
Suppose -116*u + 27490973 = -3987596 - 2433219. Is u a prime number?
True
Let d(v) be the third derivative of -v**6/40